{"id":4457,"date":"2020-08-16T14:03:20","date_gmt":"2020-08-16T12:03:20","guid":{"rendered":"https:\/\/wanderlustfirst.eu\/?page_id=4457"},"modified":"2020-09-14T22:46:42","modified_gmt":"2020-09-14T20:46:42","slug":"reise-tipps","status":"publish","type":"page","link":"https:\/\/wanderlustfirst.eu\/?page_id=4457","title":{"rendered":"Reise-Tipps"},"content":{"rendered":"\n<div class=\"is-layout-flow wp-block-group\"><div class=\"wp-block-group__inner-container\">\n<div class=\"is-layout-flow wp-block-group\"><div class=\"wp-block-group__inner-container\">\n<div class=\"is-layout-flow wp-block-group\"><div class=\"wp-block-group__inner-container\">\n<p><em>(noch in Bearbeitung)<\/em><\/p>\n\n\n\n<p>Dies ist eine Zusammenstellung der Themen, die f\u00fcr mich unterwegs wichtig waren und ggf. eine Rolle f\u00fcr Eure Reisevorbereitungen von Bedeutung (oder einfach &#8222;nice to know&#8220;) sein k\u00f6nnten. <\/p>\n\n\n\n<p>Die Auswahl der Themen ist eine rein subjektive Selektion, die auf meinen Erfahrungen basiert. Ich erhebe hier nat\u00fcrlich keinen Anspruch auf Vollst\u00e4ndigkeit, aber vieles davon h\u00e4tte ich gerne im Voraus gewusst. <\/p>\n\n\n\n<div class=\"is-layout-flex wp-container-3 wp-block-columns\">\n<div class=\"is-layout-flow wp-block-column is-vertically-aligned-top\">\n<div class=\"wp-block-cover aligncenter has-background-dim\" style=\"background-image:url(https:\/\/wanderlustfirst.eu\/wp-content\/uploads\/2020\/07\/20200308_TZ_Moshi_061.jpeg);min-height:120px\"><div class=\"wp-block-cover__inner-container\">\n<h5 class=\"has-text-align-center\"><a href=\"https:\/\/wanderlustfirst.eu\/?page_id=4481\" class=\"rank-math-link\">Motorrad<\/a><\/h5>\n<\/div><\/div>\n\n\n\n<p><\/p>\n\n\n\n<div class=\"wp-block-cover aligncenter has-background-dim\" style=\"background-image:url(https:\/\/wanderlustfirst.eu\/wp-content\/uploads\/2020\/08\/IMG_2395.jpg);min-height:120px\"><div class=\"wp-block-cover__inner-container\">\n<h5 class=\"has-text-align-center\">Kamera-Ausstattung<\/h5>\n<\/div><\/div>\n\n\n\n<p><\/p>\n\n\n\n<div class=\"wp-block-cover aligncenter has-background-dim\" style=\"background-image:url(https:\/\/wanderlustfirst.eu\/wp-content\/uploads\/2020\/08\/20191021_Togo_002-rotated.jpg);background-position:61% 30%;min-height:120px\"><div class=\"wp-block-cover__inner-container\">\n<h5 class=\"has-text-align-center\">Reisepass\/Visa<\/h5>\n<\/div><\/div>\n\n\n\n<p><\/p>\n\n\n\n<div class=\"wp-block-cover aligncenter has-background-dim\" style=\"background-image:url(https:\/\/wanderlustfirst.eu\/wp-content\/uploads\/2020\/08\/20191125_Kgo_Brazzaville_023.jpeg);background-position:62% 59%;min-height:120px\"><div class=\"wp-block-cover__inner-container\">\n<h5 class=\"has-text-align-center\">Reparaturen unterwegs<\/h5>\n<\/div><\/div>\n\n\n\n<p><\/p>\n\n\n\n<div class=\"wp-block-cover aligncenter has-background-dim\" style=\"background-image:url(https:\/\/wanderlustfirst.eu\/wp-content\/uploads\/2020\/08\/20191110_N_unterwegs_043.jpeg);background-position:54% 20%;min-height:120px\"><div class=\"wp-block-cover__inner-container\">\n<h5 class=\"has-text-align-center\">Polizei und kontrollen<\/h5>\n<\/div><\/div>\n\n\n\n<p><\/p>\n\n\n\n<div class=\"wp-block-cover aligncenter has-background-dim\" style=\"background-image:url(https:\/\/wanderlustfirst.eu\/wp-content\/uploads\/2020\/08\/20191004_MAUR_S\u00fcden_145.jpg);background-position:55% 62%;min-height:120px\"><div class=\"wp-block-cover__inner-container\">\n<h5 class=\"has-text-align-center\">Grenz\u00fcberg\u00e4nge<\/h5>\n<\/div><\/div>\n\n\n\n<p><\/p>\n\n\n\n<div class=\"wp-block-cover aligncenter has-background-dim\" style=\"background-image:url(https:\/\/wanderlustfirst.eu\/wp-content\/uploads\/2020\/08\/20191212_NAM_Skeleton_038.jpeg);background-position:52% 65%;min-height:120px\"><div class=\"wp-block-cover__inner-container\">\n<h5 class=\"has-text-align-center\">Stra\u00dfen-konditionen<\/h5>\n<\/div><\/div>\n\n\n\n<p><\/p>\n\n\n\n<div class=\"wp-block-cover aligncenter has-background-dim\" style=\"background-image:url(https:\/\/wanderlustfirst.eu\/wp-content\/uploads\/2020\/08\/20191220_NAM_L\u00fcderitz_124.jpeg);background-position:53% 22%;min-height:120px\"><div class=\"wp-block-cover__inner-container\">\n<h5 class=\"has-text-align-center\">Kommunikation &amp; Navigation<\/h5>\n<\/div><\/div>\n\n\n\n<p><\/p>\n\n\n\n<div class=\"wp-block-cover aligncenter has-background-dim\" style=\"background-image:url(https:\/\/wanderlustfirst.eu\/wp-content\/uploads\/2020\/08\/20191121_KM_jungle_048.jpeg);background-position:54% 80%;min-height:120px\"><div class=\"wp-block-cover__inner-container\">\n<h5 class=\"has-text-align-center\">Klima \/ Regenzeit<\/h5>\n<\/div><\/div>\n\n\n\n<p><\/p>\n\n\n\n<div class=\"wp-block-cover aligncenter has-background-dim\" style=\"background-image:url(https:\/\/wanderlustfirst.eu\/wp-content\/uploads\/2020\/08\/IMG_8872.jpg);background-position:53% 51%;min-height:120px\"><div class=\"wp-block-cover__inner-container\">\n<h5 class=\"has-text-align-center\">N\u00fctzliche Apps<\/h5>\n<\/div><\/div>\n\n\n\n<p><\/p>\n\n\n\n<div class=\"wp-block-cover aligncenter has-background-dim\" style=\"background-image:url(https:\/\/wanderlustfirst.eu\/wp-content\/uploads\/2020\/08\/20191227_SA_Kapstadt_043.jpeg);background-position:53% 51%;min-height:120px\"><div class=\"wp-block-cover__inner-container\">\n<h5 class=\"has-text-align-center\">Gro\u00dfst\u00e4dte &amp; Sicherheit<\/h5>\n<\/div><\/div>\n<\/div>\n\n\n\n<div class=\"is-layout-flow wp-block-column is-vertically-aligned-top\">\n<div class=\"wp-block-cover aligncenter has-background-dim\" style=\"background-image:url(https:\/\/wanderlustfirst.eu\/wp-content\/uploads\/2020\/08\/20191130_ANG_Anreise_021.jpeg);background-position:68% 81%;min-height:120px\"><div class=\"wp-block-cover__inner-container\">\n<h5 class=\"has-text-align-center\">Camping<\/h5>\n<\/div><\/div>\n\n\n\n<p><\/p>\n\n\n\n<div class=\"wp-block-cover has-background-dim\" style=\"background-image:url(https:\/\/wanderlustfirst.eu\/wp-content\/uploads\/2020\/08\/20191008_MALI_Sikasso_050.jpg);background-position:29% 61%;min-height:120px\"><div class=\"wp-block-cover__inner-container\">\n<h5 class=\"has-text-align-center\">Hotels<\/h5>\n<\/div><\/div>\n\n\n\n<p><\/p>\n\n\n\n<div class=\"wp-block-cover has-background-dim\" style=\"background-image:url(https:\/\/wanderlustfirst.eu\/wp-content\/uploads\/2020\/08\/20191127_DRC_010.jpeg);background-position:29% 61%;min-height:120px\"><div class=\"wp-block-cover__inner-container\">\n<h5 class=\"has-text-align-center\">Geld \/ Zahlungsmittel<\/h5>\n<\/div><\/div>\n\n\n\n<p><\/p>\n\n\n\n<div class=\"wp-block-cover has-background-dim\" style=\"background-image:url(https:\/\/wanderlustfirst.eu\/wp-content\/uploads\/2020\/08\/20191007_MALI_Bamako_036.jpg);background-position:61% 66%;min-height:120px\"><div class=\"wp-block-cover__inner-container\">\n<h5 class=\"has-text-align-center\">Einkaufen<\/h5>\n<\/div><\/div>\n\n\n\n<p><\/p>\n\n\n\n<div class=\"wp-block-cover has-background-dim\" style=\"background-image:url(https:\/\/wanderlustfirst.eu\/wp-content\/uploads\/2020\/08\/20191013_CI_Abidjan_045.jpg);background-position:42% 37%;min-height:120px\"><div class=\"wp-block-cover__inner-container\">\n<h5 class=\"has-text-align-center\">Essen<\/h5>\n<\/div><\/div>\n\n\n\n<p><\/p>\n\n\n\n<div class=\"wp-block-cover has-background-dim\" style=\"background-image:url(https:\/\/wanderlustfirst.eu\/wp-content\/uploads\/2020\/08\/20191026_Benin_Kids_145.jpg);background-position:52% 48%;min-height:120px\"><div class=\"wp-block-cover__inner-container\">\n<h5 class=\"has-text-align-center\">Begegnungen<\/h5>\n<\/div><\/div>\n\n\n\n<p><\/p>\n\n\n\n<div class=\"wp-block-cover has-background-dim\" style=\"background-image:url(https:\/\/wanderlustfirst.eu\/wp-content\/uploads\/2020\/08\/20190917_MA_Khenifra_225.jpg);background-position:42% 37%;min-height:120px\"><div class=\"wp-block-cover__inner-container\">\n<h5 class=\"has-text-align-center\">Sprachen<\/h5>\n<\/div><\/div>\n\n\n\n<p><\/p>\n\n\n\n<div class=\"wp-block-cover has-background-dim\" style=\"background-image:url(https:\/\/wanderlustfirst.eu\/wp-content\/uploads\/2020\/08\/20191002_MAUR_Kiffa_086.jpg);background-position:48% 86%;min-height:120px\"><div class=\"wp-block-cover__inner-container\">\n<h5 class=\"has-text-align-center\">Impfungen &amp; Gesundheit<\/h5>\n<\/div><\/div>\n\n\n\n<p><\/p>\n\n\n\n<div class=\"wp-block-cover has-background-dim\" style=\"background-image:url(https:\/\/wanderlustfirst.eu\/wp-content\/uploads\/2020\/08\/20200114_BW_Saskia_019.jpeg);background-position:30% 27%;min-height:120px\"><div class=\"wp-block-cover__inner-container\">\n<h5 class=\"has-text-align-center\">Tierwelt<\/h5>\n<\/div><\/div>\n\n\n\n<p><\/p>\n\n\n\n<div class=\"wp-block-cover has-background-dim\" style=\"background-image:url(https:\/\/wanderlustfirst.eu\/wp-content\/uploads\/2020\/08\/IMG_8871.jpg);background-position:45% 52%;min-height:120px\"><div class=\"wp-block-cover__inner-container\">\n<h5 class=\"has-text-align-center\">Nightlife<\/h5>\n\n\n\n<p><\/p>\n<\/div><\/div>\n\n\n\n<p><\/p>\n\n\n\n<div class=\"wp-block-cover has-background-dim\" style=\"background-image:url(https:\/\/wanderlustfirst.eu\/wp-content\/uploads\/2020\/08\/20190918_MA_Khenifra_236.jpg);background-position:47% 69%;min-height:120px\"><div class=\"wp-block-cover__inner-container\">\n<h5 class=\"has-text-align-center\">Bekleidung unterwegs<\/h5>\n<\/div><\/div>\n<\/div>\n<\/div>\n<\/div><\/div>\n<\/div><\/div>\n<\/div><\/div>\n\n\n\n<p><\/p>\n","protected":false},"excerpt":{"rendered":"<p>(noch in Bearbeitung) Dies ist eine Zusammenstellung der Themen, die f\u00fcr mich unterwegs wichtig waren und ggf. eine Rolle f\u00fcr Eure Reisevorbereitungen von Bedeutung (oder einfach &#8222;nice to know&#8220;) sein k\u00f6nnten. Die Auswahl der Themen ist eine rein subjektive Selektion, die auf meinen Erfahrungen basiert. Ich erhebe hier nat\u00fcrlich keinen Anspruch auf Vollst\u00e4ndigkeit, aber vieles &hellip; <\/p>\n<p class=\"link-more\"><a href=\"https:\/\/wanderlustfirst.eu\/?page_id=4457\" class=\"more-link\"><span class=\"screen-reader-text\">\u201eReise-Tipps\u201c<\/span> weiterlesen<\/a><\/p>\n","protected":false},"author":1,"featured_media":0,"parent":0,"menu_order":0,"comment_status":"open","ping_status":"closed","template":"","meta":[],"jetpack_likes_enabled":true,"jetpack_shortlink":"https:\/\/wp.me\/Pbd5ZF-19T","_links":{"self":[{"href":"https:\/\/wanderlustfirst.eu\/index.php?rest_route=\/wp\/v2\/pages\/4457"}],"collection":[{"href":"https:\/\/wanderlustfirst.eu\/index.php?rest_route=\/wp\/v2\/pages"}],"about":[{"href":"https:\/\/wanderlustfirst.eu\/index.php?rest_route=\/wp\/v2\/types\/page"}],"author":[{"embeddable":true,"href":"https:\/\/wanderlustfirst.eu\/index.php?rest_route=\/wp\/v2\/users\/1"}],"replies":[{"embeddable":true,"href":"https:\/\/wanderlustfirst.eu\/index.php?rest_route=%2Fwp%2Fv2%2Fcomments&post=4457"}],"version-history":[{"count":50,"href":"https:\/\/wanderlustfirst.eu\/index.php?rest_route=\/wp\/v2\/pages\/4457\/revisions"}],"predecessor-version":[{"id":4626,"href":"https:\/\/wanderlustfirst.eu\/index.php?rest_route=\/wp\/v2\/pages\/4457\/revisions\/4626"}],"wp:attachment":[{"href":"https:\/\/wanderlustfirst.eu\/index.php?rest_route=%2Fwp%2Fv2%2Fmedia&parent=4457"}],"curies":[{"name":"wp","href":"https:\/\/api.w.org\/{rel}","templated":true}]}}